-2*i + 2300, -i = 4*f - 1128. What are the prime factors of i?
2, 11, 13
Let t be (1 + 5/3)/((-6)/108). List the prime factors of 1/(-3) + (-3856)/t.
2, 5
Suppose -4*o + 96 = -f, o - 5*f - 112 = -3*o. Suppose r = -t + 66, 5*r - 4*t + o = 317. What are the prime factors of r?
2, 31
Let p(f) = -5*f + 0*f**3 + 9*f**2 - 9 - 2*f**3 + f**3 + 2*f**3. Suppose 53 = -6*t - 1. What are the prime factors of p(t)?
2, 3
What are the prime factors of 20/(((-8)/(-12))/((-116)/(-3)))?
2, 5, 29
Let o(y) = 3*y + 48. Let q(x) = x + 12. Let n(a) = 4*o(a) - 18*q(a). Let s be n(11). Let r = 136 + s. List the prime factors of r.
2, 23
Suppose -2*r - 492 = -8*r. List the prime factors of r.
2, 41
Let z(f) = 5*f**2 - 3*f + 1. Let b be z(1). Suppose -239 - 686 = -5*c + x, -b*x = 3*c - 573. What are the prime factors of c?
2, 3, 31
Let b = 34 - -93. List the prime factors of b.
127
Let b be 35 - (0 + -1 - -3). Suppose -4*r - 161 = 3*r. Let h = r + b. What are the prime factors of h?
2, 5
Let b(j) = -j**3 - 18*j**2 - 30*j + 37. Let f be b(-16). Suppose 2*q + f*r = 7*q - 1480, -q - 2*r + 296 = 0. What are the prime factors of q?
2, 37
Let u = 4704 + -3055. What are the prime factors of u?
17, 97
Let n(c) = -c. Let u be n(0). Suppose -4*a - 11 - 33 = u. Let w = -9 - a. List the prime factors of w.
2
Let q be (-2)/((-2)/(-4)*-1). Suppose 0 = -3*z + q*z - 4. Suppose -99 = -5*o + 3*v - 0*v, -z*o + v = -75. List the prime factors of o.
2, 3
Let y = -43 - -22. Let o = 31 - y. What are the prime factors of o?
2, 13
Suppose 0 = 3*h - c - 41, -6*c = -c + 10. Suppose 0 = z + 21 + h. What are the prime factors of (-30)/255 + (-1398)/z?
41
Let t = -19 + 1. What are the prime factors of (12/14)/(t/(-1008))?
2, 3
Let f = 2437 - 1022. What are the prime factors of f?
5, 283
Let m(h) = -28*h + 28. Let a be m(7). Let v = a - -269. What are the prime factors of v?
101
Suppose 2*m - t - 14 = 0, 0*t = -5*m - t + 21. Let s(u) = 2 + 0*u - m + u**3 + u + 2*u - 7*u**2. List the prime factors of s(7).
2, 3
Let j be (-13 + 3)/(1 - 0). Let d = 124 + j. List the prime factors of d.
2, 3, 19
Suppose z - 2641 = -4*f, 4*f + 1322 = 6*f + 2*z. What are the prime factors of f?
2, 3, 5, 11
Let p(z) = -4*z - 34 + 10 + 1. List the prime factors of p(-17).
3, 5
What are the prime factors of (2*8/32)/(4/14888)?
1861
Let t = -33 - -17. Let m = t - -21. Suppose -3*b + 33 = -4*d, m*d + 28 + 17 = 4*b. List the prime factors of b.
3, 5
Let r(b) = b + 257. List the prime factors of r(37).
2, 3, 7
Suppose 5*z = -2*j - 203, -6*z = 4*j - z + 381. Let v = j + 108. List the prime factors of v.
19
Let s = -1766 + 3362. What are the prime factors of s?
2, 3, 7, 19
Let c be 21/(-4)*16/(-6). Suppose 3*j - 49 - c = 0. List the prime factors of j.
3, 7
List the prime factors of (2 + -138)/((-4)/(16/2)).
2, 17
Let t = 79 - -27. What are the prime factors of t?
2, 53
Let s = 461 + -177. List the prime factors of s.
2, 71
List the prime factors of (-52)/((-1 - 0/2)/1).
2, 13
Let o(x) = -x**2 + 7*x - 1. Let c be o(6). What are the prime factors of (-345)/(-6) - (c/(-2) + 3)?
3, 19
Let t(h) = -h**2 - 10*h + 15. Let n be t(-11). Let k = -4 + n. Let j(c) = c**2 - c + 26. List the prime factors of j(k).
2, 13
Let b be -1 - (-2 + -1 - 0). Suppose -22 = -4*d - 2*h, 5*d - b*h - 33 = h. Suppose -2*w = -d*w + 8. List the prime factors of w.
2
Suppose -37 = l + 5*y, -4*l = -4*y - 3 + 31. Let b = l - -25. What are the prime factors of b?
13
Let b(u) = -67 + 128*u - 68 + 193 - 70. What are the prime factors of b(2)?
2, 61
Let f = -21 - -52. Suppose -2*g - f = -29. What are the prime factors of g*(5*-11 - -4)?
3, 17
Let y(k) = -k**2 - 16*k + 8. Let p be y(-16). Suppose -8*n - p*n + 1008 = 0. List the prime factors of n.
3, 7
Let b(r) = -r**3 - r**2 + r + 32. Suppose a = 3*a. Let v be b(a). Let f = 62 - v. What are the prime factors of f?
2, 3, 5
Let k = 798 - 492. List the prime factors of k.
2, 3, 17
Let l be (-1)/6 + (-845)/(-30). Let f = l + -22. Suppose 52 + 8 = f*a. What are the prime factors of a?
2, 5
Let v = -1698 - -3485. List the prime factors of v.
1787
Let z = -7721 - -10918. List the prime factors of z.
23, 139
Suppose 0 = -5*a + 3*p - 134, 0 = -4*a + 2*a - 2*p - 44. What are the prime factors of 10/a*-10 - -64?
2, 17
Let t = 10 - 11. Let o = -5 - t. What are the prime factors of (3/o)/((-4)/16)?
3
Suppose 0 = 3*s - 4*v - 86 + 18, -3*s = -3*v - 63. Suppose 0 = 5*l - s + 1. List the prime factors of (l + 16)*(-4)/(-2).
2, 19
List the prime factors of 1232/448*(1 + 999).
2, 5, 11
Suppose 0 = -4*b + 13 + 3, -4*v + 2*b + 1044 = 0. What are the prime factors of v?
263
Let g be ((-11)/(-2))/((-3)/6). Let n = g + 15. Let u = n + 28. What are the prime factors of u?
2
Suppose -x - 3*b - 1 = 0, 3*b = 5*x - b - 33. Suppose 62 - 156 = -v + 4*n, -5*n + 345 = x*v. List the prime factors of v.
2, 37
Let x(l) = -l**2 + 3*l**2 + 2*l**2 - 4*l + 2 + 6. Let r be x(6). Suppose 0 = 4*z + r - 336. What are the prime factors of z?
2, 13
Let h = -19 + 24. Suppose -9*v + h*v = -20. Suppose y = 4*q - y - 70, 4*q - 67 = v*y. What are the prime factors of q?
2, 3
Suppose 0 = -2*m + 5 - 19. Let k(y) = -27*y**2 - 8*y + 46*y**2 - 8 - 3*y - 20*y**2. What are the prime factors of k(m)?
2, 5
Suppose 5*l - 2*d + 4021 = 548, 20 = 5*d. Let x be (-8 - -7)*(0 - l). List the prime factors of x/(-35) + (-2)/(-10).
2, 5
Suppose 3*c - s - 62 = 0, 2*c = s - 2*s + 43. List the prime factors of ((-102)/c)/((-5)/35).
2, 17
Suppose -12 = 4*v - 8*v. List the prime factors of 2189/77 + v/(-7).
2, 7
Let l = 43 - 38. Suppose -7*i - 3*q - 63 = -12*i, l*q - 35 = -i. List the prime factors of i.
3, 5
Suppose -3*p - 4*b + 2443 = -2*p, 3*b = 3*p - 7344. List the prime factors of p.
2447
What are the prime factors of 238051/99 + (-20)/(-45)?
5, 13, 37
Let u be -44 - 2/10*5. What are the prime factors of ((-54)/u)/(6/225)?
3, 5
Let r(c) = -12*c + 12. Let b be r(5). Let u = -32 - b. Let w = u + 28. What are the prime factors of w?
2, 11
Let s(k) = -k**2 - 5*k + 11. Let l be s(-8). Let m = l - -51. What are the prime factors of m?
2, 19
Let g = 69 - 82. Let t = g - -19. What are the prime factors of t?
2, 3
Suppose -3*a - 5*p = -1115, 3*a + 5*p - 1125 = 2*p. List the prime factors of a.
2, 5, 19
Let u be 42/9 - (-4)/(-6). Suppose -a = u*a - 85. Suppose -g + 10 = -a. What are the prime factors of g?
3
Suppose -326 = -q + 97. What are the prime factors of q?
3, 47
Let w = -334 + 958. Let k = -360 + w. Suppose -4*h = -2*c - 3*c - k, 5*h - 2*c - 313 = 0. What are the prime factors of h?
61
Let s be (0 + 5)/(-7 - -8). Suppose w = -u + 127, -s*u + 5*w = -0*u - 615. Suppose 7*o - u = 2*o. What are the prime factors of o?
5
Suppose -4*j - 1375 = -m + j, 4*m - 5*j - 5560 = 0. List the prime factors of m.
3, 5, 31
Suppose 11 = 3*a - 1. Let x(f) = -1 - 4 + 8*f + 6 + a. What are the prime factors of x(3)?
29
Let p(q) = -5*q - 5. Let r(d) = 2*d + 3. Let f(v) = -3*p(v) - 5*r(v). List the prime factors of f(7).
5, 7
Let f(z) = -z**3 - 4*z**2 - 2*z - 7. Let m be f(-6). Let i be 3*1 - (m + -7). Let y = 129 + i. List the prime factors of y.
2, 31
Let f = 10 - 22. Let u = f + 22. List the prime factors of u.
2, 5
What are the prime factors of (-434)/(8 - 1)*55/(-2)?
5, 11, 31
Suppose -5*d + w = -8, -18 = -5*d - 2*w - 4. Let n(h) = 9*h + 3*h**2 - 4*h**2 - d + 3*h**2. List the prime factors of n(-7).
3, 11
Let m be 749/35 + (-4)/10. Suppose -24*o = -m*o - 210. List the prime factors of o.
2, 5, 7
Suppose 3*z - 5 = 46. Suppose -2*d = -z - 15. Suppose -3*i = i - d. List the prime factors of i.
2
Suppose 5*j = -6 + 36. Suppose 0 = 2*f - j*f + 124. What are the prime factors of f?
31
Let a(j) = -14*j. Let k be a(13). List the prime factors of ((-3)/6)/(1/k).
7, 13
Let w(p) = 3 - 4 + 13 - p**2 - 11*p + 1. Let t be w(-12). What are the prime factors of (-230)/(-15) - t/3?
3, 5
What are the prime factors of 226*-7*(-5)/70?
113
Let x = -17 - -32. Let q be 110/(-4)*252/x. What are the prime factors of (-2)/5 + q/(-30)?
3, 5
Let a(g) = g**3 - 9*g**2 - 33*g - 90. What are the prime factors of a(20)?
2, 5, 73
Suppose 0 = -2*m - m + 459. Suppose 8*u - 71 = m. List the prime factors of u.
2, 7
Let x(u) = -u**3 + 9*u**2 - 15*u + 10. Let v be x(7). Suppose 0 = p - v*g - 183, 2*p = p - 3*g + 195. What are the prime factors 